or of 18976?
True
Is 15642 a multiple of 18?
True
Is 2 a factor of 3734?
True
Is 248 a multiple of 124?
True
Does 53 divide 154?
False
Does 31 divide 26126?
False
Is 7 a factor of 182?
True
Is 35 a factor of 637?
False
Is 1385 a multiple of 11?
False
Is 188 a factor of 2872?
False
Is 5555 a multiple of 124?
False
Does 13 divide 4134?
True
Is 6190 a multiple of 27?
False
Is 60332 a multiple of 14?
False
Is 57 a factor of 2280?
True
Does 132 divide 76326?
False
Does 20 divide 31?
False
Is 969 a multiple of 17?
True
Is 20 a factor of 1260?
True
Is 2100 a multiple of 150?
True
Is 6 a factor of 1578?
True
Does 3 divide 309?
True
Is 45 a multiple of 3?
True
Is 318 a multiple of 5?
False
Is 4225 a multiple of 13?
True
Is 2052 a multiple of 3?
True
Is 122 a multiple of 15?
False
Does 223 divide 29659?
True
Is 5 a factor of 9273?
False
Is 20573 a multiple of 34?
False
Is 321 a multiple of 7?
False
Is 33 a factor of 6105?
True
Is 10 a factor of 321?
False
Does 28 divide 97358?
False
Is 26 a factor of 1034?
False
Is 2196 a multiple of 94?
False
Is 96 a multiple of 16?
True
Is 1760 a multiple of 4?
True
Does 17 divide 22729?
True
Does 25 divide 3111?
False
Is 27 a factor of 2430?
True
Does 27 divide 63?
False
Is 13 a factor of 13989?
False
Does 5 divide 1022?
False
Is 60 a factor of 21840?
True
Is 205 a multiple of 45?
False
Does 12 divide 2034?
False
Is 193 a factor of 33196?
True
Is 39 a factor of 75504?
True
Is 580 a multiple of 6?
False
Is 27589 a multiple of 4?
False
Is 4820 a multiple of 10?
True
Is 2954 a multiple of 67?
False
Is 36 a factor of 8316?
True
Does 47 divide 47799?
True
Does 14 divide 61?
False
Does 12 divide 92928?
True
Is 20 a factor of 18860?
True
Is 18 a factor of 22491?
False
Does 40 divide 10014?
False
Is 13 a factor of 9809?
False
Does 24 divide 8404?
False
Is 1040 a multiple of 20?
True
Is 4813 a multiple of 112?
False
Is 6205 a multiple of 17?
True
Is 35 a factor of 1085?
True
Does 20 divide 59840?
True
Is 4761 a multiple of 104?
False
Is 6 a factor of 12?
True
Does 16 divide 25501?
False
Is 36 a factor of 324?
True
Is 100 a factor of 3600?
True
Is 10 a factor of 39060?
True
Is 24017 a multiple of 47?
True
Does 15 divide 4107?
False
Is 4 a factor of 40?
True
Is 14 a factor of 13482?
True
Does 70 divide 55705?
False
Is 910 a multiple of 14?
True
Does 76 divide 810?
False
Does 14 divide 322?
True
Does 261 divide 42136?
False
Does 23 divide 3289?
True
Is 64 a multiple of 16?
True
Is 46 a factor of 1978?
True
Is 19557 a multiple of 41?
True
Is 5683 a multiple of 27?
False
Does 3 divide 1716?
True
Does 152 divide 22192?
True
Is 6048 a multiple of 96?
True
Is 5 a factor of 1426?
False
Is 62 a factor of 2374?
False
Is 11099 a multiple of 61?
False
Is 23 a factor of 21841?
False
Is 637 a multiple of 91?
True
Is 8 a factor of 1615?
False
Does 25 divide 545?
False
Does 198 divide 12303?
False
Is 1815 a multiple of 30?
False
Is 79140 a multiple of 12?
True
Is 5609 a multiple of 79?
True
Does 138 divide 2208?
True
Does 5 divide 156?
False
Does 8 divide 5824?
True
Is 47 a factor of 1034?
True
Is 3724 a multiple of 7?
True
Does 18 divide 10278?
True
Is 997 a multiple of 46?
False
Does 5 divide 130?
True
Does 10 divide 3260?
True
Is 12 a factor of 1070?
False
Does 57 divide 7125?
True
Is 22 a factor of 10868?
True
Is 2971 a multiple of 29?
False
Does 44 divide 1496?
True
Is 18 a factor of 450?
True
Does 8 divide 776?
True
Does 139 divide 57129?
True
Is 3031 a multiple of 50?
False
Is 105 a factor of 60511?
False
Is 3074 a multiple of 29?
True
Does 45 divide 3015?
True
Is 51401 a multiple of 11?
False
Does 44 divide 2838?
False
Does 6 divide 48?
True
Does 16 divide 9589?
False
Is 3922 a multiple of 106?
True
Is 290 a multiple of 10?
True
Does 32 divide 1984?
True
Does 15 divide 300?
True
Does 276 divide 46920?
True
Is 5531 a multiple of 35?
False
Is 2850 a multiple of 50?
True
Is 20 a factor of 75380?
True
Is 16 a factor of 64?
True
Is 511 a multiple of 27?
False
Is 2971 a multiple of 5?
False
Is 3023 a multiple of 42?
False
Is 39748 a multiple of 145?
False
Does 16 divide 521?
False
Is 7172 a multiple of 44?
True
Is 25 a factor of 350?
True
Is 41 a factor of 271?
False
Does 15 divide 1120?
False
Is 9 a multiple of 9?
True
Does 24 divide 9576?
True
Is 3678 a multiple of 13?
False
Is 350 a multiple of 35?
True
Is 1170 a multiple of 6?
True
Does 27 divide 783?
True
Is 101 a factor of 808?
True
Is 770 a multiple of 9?
False
Does 120 divide 6001?
False
Is 3360 a multiple of 70?
True
Does 57 divide 42978?
True
Is 1207 a multiple of 17?
True
Is 40 a factor of 8836?
False
Is 8094 a multiple of 297?
False
Does 44 divide 53303?
False
Is 57 a factor of 26481?
False
Does 7 divide 14416?
False
Is 144 a factor of 45580?
False
Is 89 a factor of 1602?
True
Is 23121 a multiple of 9?
True
Is 23 a factor of 19774?
False
Does 29 divide 1162?
False
Does 75 divide 31251?
False
Is 199 a multiple of 3?
False
Is 1617 a multiple of 7?
True
Does 5 divide 1089?
False
Does 7 divide 1344?
True
Does 13 divide 596?
False
Is 12 a factor of 11783?
False
Is 16 a factor of 4486?
False
Is 66 a factor of 7788?
True
Does 17 divide 476?
True
Does 9 divide 3940?
False
Is 12 a factor of 3262?
False
Is 43 a factor of 9073?
True
Does 17 divide 1632?
True
Is 5572 a multiple of 16?
False
Is 93 a factor of 1573?
False
Is 3676 a multiple of 6?
False
Does 11 divide 7458?
True
Is 50581 a multiple of 7?
False
Does 3 divide 419?
False
Is 109 a factor of 1526?
True
Is 367 a multiple of 11?
False
Is 10 a factor of 74?
False
Is 7929 a multiple of 98?
False
Is 13 a factor of 22838?
False
Is 7 a factor of 822?
False
Is 51 a factor of 8672?
False
Is 12 a factor of 50?
False
Does 84 divide 19992?
True
Does 37 divide 1517?
True
Is 23 a factor of 36033?
False
Is 122 a factor of 6861?
False
Is 1060 a multiple of 53?
True
Is 50 a multiple of 10?
True
Does 4 divide 466?
False
Is 2883 a multiple of 5?
False
Does 43 divide 226?
False
Is 1774 a multiple of 4?
False
Is 80 a factor of 2000?
True
Does 14 divide 15162?
True
Is 34 a factor of 136?
True
Is 3453 a multiple of 6?
False
Is 30 a factor of 72030?
True
Does 24 divide 5243?
False
Is 1737 a multiple of 14?
False
Does 70 divide 70?
True
Is 16 a factor of 5237?
False
Is 1056 a multiple of 16?
True
Is 9994 a multiple of 18?
False
Is 3233 a multiple of 53?
True
Does 3 divide 165?
True
Does 3 divide 50186?
False
Is 48 a factor of 40416?
True
Is 1716 a multiple of 97?
False
Does 6 divide 33256?
False
Is 11966 a multiple of 50?
False
Is 4032 a multiple of 38?
False
Is 8 a factor of 636?
False
Does 22 divide 1804?
True
Does 35 divide 50818?
False
Is 2550 a multiple of 34?
True
Is 1836 a multiple of 17?
True
Is 8 a factor of 1136?
True
Does 20 divide 780?
True
Does 25 divide 910?
False
Does 17 divide 7276?
True
Is 171 a multiple of 2?
False
Is 4801 a multiple of 86?
False
Is 47 a factor of 2445?
False
Is 2278 a multiple of 129?
False
Is 5 a factor of 1670?
True
Does 24 divide 373?
False
Is 26 a factor of 2125?
False
Does 125 divide 46389?
False
Does 19 divide 3192?
True
Is 2150 a multiple of 15?
False
Is 6585 a multiple of 109?
False
Is 931 a multiple of 12?
False
Is 27 a factor of 13446?
True
Is 263 a multiple of 47?
False
Is 509 a factor of 120914?
False
Is 3920 a multiple of 80?
True
Is 20 a factor of 141?
False
Is 2833 a multiple of 37?
False
Does 32 divide 976?
False
Is 137 a factor of 3836?
True
Is 941 a multiple of 26?
False
Does 10 divide 4970?
True
Does 13 divide 15249?
True
Is 3 a factor of 9586?
False
Does 6 divide 991?
False
Is 2720 a multiple of 4?
True
Does 6 divide 3593?
False
Is 1462 a multiple of 43?
True
Does 7 divide 385?
True
Is 103 a factor of 1550?
False
Is 64 a factor of 31928?
False
Is 46 a factor of 489?
False
Is 1693 a multiple of 118?
False
Is 5200 a multiple of 80?
True
Does 12 divide 2485?
False
Is 24442 a multiple of 85?
False
Does 45 divide 1125?
True
Is 74 a factor of 3357?
False
Does 88 divide 29521?
False
Is 2 a factor of 221?
False
Is 11 a factor of 3806?
True
Is 5343 a multiple of 13?
True
Does 26 divide 260?
True
Does 87 divide 1437?
False
Is 51 a factor of 228?
False
Is 445 a multiple of 8?
False
Is 3009 a multiple of 3?
True
Is 18963 a multiple of 26?
False
Does 19 divide 3575?
False
Is 18980 a multiple of 5?
True
Is 50 